 = 3*t - 27 + 4, -3*t + 5*s = -43. What is the remainder when t is divided by d?
3
Suppose -1 = -p, -5*p + 273 + 146 = 3*n. Calculate the remainder when n is divided by 35.
33
Suppose -5*s + 111 + 9 = 0. Calculate the remainder when 46 is divided by s.
22
Suppose -3*v = j - 38, 0*j - 144 = -3*j - 3*v. What is the remainder when j is divided by 11?
9
Suppose a = -0*a + 13. What is the remainder when 21 is divided by a?
8
Calculate the remainder when 3 is divided by (1/(-4))/(10/(-80)).
1
Let l be 2/8 + 15/4. Suppose 0*u - 41 = -4*u - 5*h, l*h = 2*u + 12. Suppose -14 = u*x - 58. What is the remainder when 21 is divided by x?
10
Suppose -2*j = -0*j - 32. Let b(h) = 4*h**2 - 3*h + 1. Calculate the remainder when b(-3) is divided by j.
14
Suppose -4*p = -p - 4*b + 3, b - 9 = -2*p. What is the remainder when 4 is divided by p?
1
Suppose -22 = -s - 3*j, -8*s + 3*s - 5*j = -120. What is the remainder when s is divided by 9?
7
Let n be (-65)/(-25) - (-6)/(-10). Suppose -n*g + 50 = -g. Suppose -5*s + g = -0*s. What is the remainder when s is divided by 4?
2
What is the remainder when -45*(5/15)/((-1)/3) is divided by 12?
9
Let p(q) be the third derivative of 11*q**4/24 - q**3 + 5*q**2. What is the remainder when p(5) is divided by 26?
23
Suppose b + 5 = 0, -b + 6*b = -2*o - 5. Calculate the remainder when o is divided by 6.
4
Suppose -25 = -3*c + 4*l, -6*l = c - l - 2. What is the remainder when c is divided by 2?
1
Suppose -12 = 2*q + 22. Let y = q - -30. What is the remainder when y is divided by 4?
1
Suppose r = 20 + 5. What is the remainder when 172 is divided by r?
22
Calculate the remainder when -2*(-3)/(-39) - 1419/(-13) is divided by 11.
10
Let c = -81 - -115. Calculate the remainder when 66 is divided by c.
32
Let n(w) = -w**3 + 6*w**2 + w + 7. What is the remainder when 24 is divided by n(6)?
11
Suppose 9*j = 4*j + 75. Let o be 1*(-2 - (-2)/(-2)). Calculate the remainder when 2/(-6)*261/o is divided by j.
14
Suppose -r - 2*r - 4*z = -12, 28 = 5*r + 4*z. Calculate the remainder when r is divided by 2.
0
Let h be (-2 - (-2 + -1)) + -1. Suppose h = -b + 2*d - 1, -2*b = -0*b + 2*d + 2. Let t = b - -3. Calculate the remainder when t is divided by 2.
0
Let b = 91 - 72. What is the remainder when b is divided by 10?
9
Suppose -3*j - 30 = -6*j. Let w(k) = -5*k - 3. What is the remainder when w(-4) is divided by j?
7
Let u(i) = i**2 + 5*i - 6. Let r be u(-6). Suppose 5*j = 6*j - 5. Let q = j + r. What is the remainder when 9 is divided by q?
4
What is the remainder when 34 is divided by (-95)/20 + 4 + 150/8?
16
Calculate the remainder when 2968/98 - (-2)/(-7) is divided by 8.
6
Let i = -61 + 77. What is the remainder when (-2 - (-10)/6)*-93 is divided by i?
15
Suppose 3 = o - 0*o. Suppose -g - 3*g + 84 = o*d, 5*g - 2*d - 128 = 0. What is the remainder when g is divided by (-72)/(-20)*5/2?
6
Suppose k - 4*k + 129 = 5*f, -k - 83 = -3*f. Suppose 5*u - 168 = 92. What is the remainder when u is divided by f?
25
Suppose w + 5*i = 68, -5*w + 5*i + 190 = -0*w. Calculate the remainder when w is divided by 15.
13
Let f = 42 + -22. Calculate the remainder when f is divided by 12.
8
Let j be (-2 - -6)*3/4. Suppose -p = 2*d + 2*d + 8, 0 = 2*d + 6. Suppose m + p = -5*g + 24, j*g - m = 12. What is the remainder when 10 is divided by g?
2
Let m = -1 - -5. Suppose -5*f + 5 + 1 = 4*g, -4*f = g + m. Calculate the remainder when 5 is divided by g.
1
Let i be (3 - 1 - 1)*5. Suppose -50 + 5 = -i*c. Let j = 8 - 3. Calculate the remainder when c is divided by j.
4
Let r = 0 + -2. Let c(l) be the first derivative of -l**2/2 + 2*l - 1. What is the remainder when c(r) is divided by 3?
1
Let o = -17 + 31. Suppose 2*t - 2*u = 6, 3*t = -0*t - 2*u + o. Suppose 4*y - z - 37 = 0, -4*y - t*z = -z - 49. Calculate the remainder when 38 is divided by y.
8
Let f be 1/(3/(-69)) + 0. Let r be 3 + (1 - 2) + f. Let j = 46 + r. Calculate the remainder when j is divided by 9.
7
Let i = 5 - 1. Suppose i = -s + 57. Suppose 62 = 4*z - 10. Calculate the remainder when s is divided by z.
17
Calculate the remainder when 16 - (-4 + (4 - -2)) is divided by 4.
2
Let x be 6/(-21) + 33/(-7). Let r = x - -13. Suppose -5*z = -16 - 9. What is the remainder when r is divided by z?
3
Let d = 31 + 4. Let p = d - 22. Let x = 15 + 23. What is the remainder when x is divided by p?
12
Let n = 37 - -18. Suppose 13 = -3*o + n. Let j = 74 + -48. What is the remainder when j is divided by o?
12
Suppose 20 = -6*i + i, 4*b + 4*i = 244. Let q = b - 45. What is the remainder when q is divided by 7?
6
Suppose -48 + 13 = -5*s - a, s - 21 = -3*a. Calculate the remainder when (4/6)/(s/117) is divided by (15/(-6))/(1/(-2)).
3
Suppose 12 = a - 0*a. Let s = -49 + 166. Let i = -82 + s. What is the remainder when i is divided by a?
11
Let d(o) = -o**2 + 2*o - 1. Let i be d(1). Suppose -s + 5*s - 28 = i. Suppose -2*l + 8 = -44. Calculate the remainder when l is divided by s.
5
Let m(z) = 2*z - 8. Let u be m(7). Suppose 2*d + 5*o - 44 = 0, 4*o - u = o. Let n = d - 5. What is the remainder when 34 is divided by n?
10
Suppose 4*v - 145 = -3*i, -4*i + 58 + 156 = -5*v. What is the remainder when i is divided by 54*-2*(-3)/12?
24
Let x(r) = -4*r + 40. Suppose 5*q - 7 = 23. What is the remainder when x(5) is divided by q?
2
Suppose 5*l = 200 - 40. Let x = l - 23. Suppose 4*n - 4*f + 16 = 88, -4*n + 66 = 2*f. What is the remainder when n is divided by x?
8
Let l = 3 + -8. Let b = 12 + l. Let w(p) = 20*p. Calculate the remainder when w(1) is divided by b.
6
Let q(y) = -3*y. Let u be q(-1). What is the remainder when 25 + 8 - -1*u is divided by 13?
10
Let u(p) = 10*p + 1. Let x be u(1). Let r = -5 + x. Let v(w) = -w**3 + w**2 - 3*w - 2. Calculate the remainder when v(-2) is divided by r.
4
Suppose 0 = -3*h - z + 25, 4*h - 2*z = 21 - 1. Suppose 0 = -h*v + 5*v + 4. Suppose -v*n - n = -60. Calculate the remainder when n is divided by 7.
6
Let v = -78 - -120. Calculate the remainder when v is divided by 13.
3
Let y = -5 + 11. Suppose 10 = y*d - d. What is the remainder when 7 is divided by 2 - (0 - 1)*d?
3
Suppose -2*g + 4*w = -w - 68, -g + 43 = 2*w. Calculate the remainder when g is divided by 5.
4
Let a = -76 + 107. Let j = a + 32. Calculate the remainder when j is divided by 22.
19
Suppose 85 = 3*u - g, -u + 11 = g + 3*g. What is the remainder when 51 is divided by u?
24
Suppose -2*z = 3*z - 595. Calculate the remainder when z is divided by 30.
29
Suppose -4*r + 2*z = -0*r - 472, -4*z - 344 = -3*r. Suppose -r = t - 5*t. What is the remainder when t is divided by 16?
14
Suppose 4*q + 164 = 5*x, -6*x = -x + 3*q - 192. What is the remainder when x is divided by 19?
17
Let l = 76 + -17. Suppose s - 3*b - 13 = -4, -2*b = -5*s + 71. Calculate the remainder when l is divided by s.
14
Calculate the remainder when 0 - (1 + 1 + -89) is divided by 11.
10
Calculate the remainder when 53 is divided by ((-84)/(-16))/((-15)/(-40)).
11
Suppose 3*j - 67 = 59. Calculate the remainder when j is divided by 23.
19
Let b = 207 + -546. Let s = -165 - b. Calculate the remainder when (1/(3/s))/1 is divided by 15.
13
Suppose 0 = 5*v - 2*t - 2*t - 14, 0 = t + 1. Let m(a) = -a**2 + 7*a - 3. Calculate the remainder when m(6) is divided by v.
1
Let b = 28 + -27. What is the remainder when 2 is divided by b?
0
Let q(o) = o**3 + o**2 - o + 21. Let m be q(0). Suppose -y - 2*x = -m + 9, -16 = -4*x. What is the remainder when 7 is divided by y?
3
Calculate the remainder when (9 - -5) + -1*1 is divided by 8.
5
Let h(p) = p**3 + 29*p**2 + 53*p + 21. Calculate the remainder when h(-27) is divided by 13.
9
Let g = -18 - -12. What is the remainder when -2 + -4*57/g is divided by 13?
10
Suppose -z - 210 = 2*z. Let o be z/(-40) - (-1)/4. Suppose 3*l = -y - 9, -3*y + 4*l = o*y - 50. What is the remainder when 21 is divided by y?
3
Let y(s) = 20*s**2 + 1. Calculate the remainder when 83 is divided by y(-1).
20
Calculate the remainder when 2/(-6) + (-630)/(-27) is divided by 13.
10
Suppose 0 = -5*k + 5*u - u + 141, 5*k + 3*u = 148. Calculate the remainder when 113 is divided by k.
26
Let z(x) = -x + 5. Let k be 0 + 1/(1/21). Suppose -2*s + k = 3*q, -3*s + 0*q + 37 = -q. Calculate the remainder when s is divided by z(0).
2
Let u = 199 + -136. What is the remainder when u is divided by